{"id":158,"date":"2020-08-02T10:58:42","date_gmt":"2020-08-02T08:58:42","guid":{"rendered":"https:\/\/solidarinux.debaste.be\/?page_id=158"},"modified":"2020-08-11T14:35:30","modified_gmt":"2020-08-11T12:35:30","slug":"economie-circulaire","status":"publish","type":"page","link":"https:\/\/www.solidarinux.be\/?page_id=158","title":{"rendered":"\u00c9conomie circulaire"},"content":{"rendered":"\n<p>Microsoft sort une nouvelle version de Windows. Des millions d&#8217;ordinateurs deviennent obsol\u00e8tes. Une partie de la mati\u00e8re est recycl\u00e9e, et la fabrication des nouvelles machines va arracher \u00e0 la plan\u00e8te de nouveaux mat\u00e9riaux et beaucoup d&#8217;\u00e9nergie.<\/p>\n\n\n\n<p>Or, ces appareils sont encore parfaitement utilisables. Gr\u00e2ce \u00e0 Linux, il peuvent vivre une seconde vie, \u00e9ventuellement plus longue que la premi\u00e8re.<\/p>\n\n\n\n<p>Notre action s&#8217;inscrit dans l&#8217;\u00e9conomie circulaire. Moins exiger de la plan\u00e8te en r\u00e9utilisant au maximum ce qu&#8217;elle nous a d\u00e9j\u00e0 offert.<\/p>\n\n\n\n<p><\/p>\n","protected":false},"excerpt":{"rendered":"<p>Microsoft sort une nouvelle version de Windows. Des millions d&#8217;ordinateurs deviennent obsol\u00e8tes. Une partie de la mati\u00e8re est recycl\u00e9e, et la fabrication des nouvelles machines va arracher \u00e0 la plan\u00e8te de nouveaux mat\u00e9riaux et beaucoup d&#8217;\u00e9nergie. Or, ces appareils sont encore parfaitement utilisables. Gr\u00e2ce \u00e0 Linux, il peuvent vivre une seconde vie, \u00e9ventuellement plus longue [&hellip;]<\/p>\n","protected":false},"author":1,"featured_media":0,"parent":154,"menu_order":2,"comment_status":"closed","ping_status":"closed","template":"","meta":{"_lmt_disableupdate":"no","_lmt_disable":""},"_links":{"self":[{"href":"https:\/\/www.solidarinux.be\/index.php?rest_route=\/wp\/v2\/pages\/158"}],"collection":[{"href":"https:\/\/www.solidarinux.be\/index.php?rest_route=\/wp\/v2\/pages"}],"about":[{"href":"https:\/\/www.solidarinux.be\/index.php?rest_route=\/wp\/v2\/types\/page"}],"author":[{"embeddable":true,"href":"https:\/\/www.solidarinux.be\/index.php?rest_route=\/wp\/v2\/users\/1"}],"replies":[{"embeddable":true,"href":"https:\/\/www.solidarinux.be\/index.php?rest_route=%2Fwp%2Fv2%2Fcomments&post=158"}],"version-history":[{"count":3,"href":"https:\/\/www.solidarinux.be\/index.php?rest_route=\/wp\/v2\/pages\/158\/revisions"}],"predecessor-version":[{"id":220,"href":"https:\/\/www.solidarinux.be\/index.php?rest_route=\/wp\/v2\/pages\/158\/revisions\/220"}],"up":[{"embeddable":true,"href":"https:\/\/www.solidarinux.be\/index.php?rest_route=\/wp\/v2\/pages\/154"}],"wp:attachment":[{"href":"https:\/\/www.solidarinux.be\/index.php?rest_route=%2Fwp%2Fv2%2Fmedia&parent=158"}],"curies":[{"name":"wp","href":"https:\/\/api.w.org\/{rel}","templated":true}]}}