{"id":163,"date":"2020-08-02T11:00:53","date_gmt":"2020-08-02T09:00:53","guid":{"rendered":"https:\/\/solidarinux.debaste.be\/?page_id=163"},"modified":"2020-08-20T13:36:22","modified_gmt":"2020-08-20T11:36:22","slug":"nos-faiblesses","status":"publish","type":"page","link":"https:\/\/www.solidarinux.be\/?page_id=163","title":{"rendered":"Regrets"},"content":{"rendered":"\n<p><strong>Pas de l&#8217;\u00e9conomie sociale<\/strong><\/p>\n\n\n\n<p>Notre action ne m\u00e9rite pas vraiment d&#8217;\u00eatre class\u00e9e dans l&#8217;\u00e9conomie sociale. En effet, faute de revenus, nous ne g\u00e9n\u00e9rons pas d&#8217;emplois. <br>L&#8217;absence de revenu est un choix d\u00e9lib\u00e9r\u00e9. Celui de ne pas r\u00e9clamer quelques euros \u00e0 des familles d\u00e9munies. Ces petits montants qui paraissent d\u00e9risoires et que nous, nantis, d\u00e9pensons sans nous en rendre compte, repr\u00e9sentent des moyens de survie pour d&#8217;autres.<\/p>\n\n\n\n<p><strong>Achats directs en Chine<\/strong><\/p>\n\n\n\n<p>C&#8217;est une des cons\u00e9quences de notre volont\u00e9 de ne pas baser notre action sur l&#8217;argent. Pour ce que nous devons acheter, nous devons rechercher le meilleur prix. Nous achetons donc en ligne, essentiellement en Chine, des produits similaires \u00e0 ceux qui sont revendus ici, beaucoup plus cher. C&#8217;est un regret. Nous ne favorisons pas le commerce local.<\/p>\n\n\n\n<p><strong>De machines \u00e9nergivores<\/strong><\/p>\n\n\n\n<p>Les progr\u00e8s de la technique conduisent \u00e0 la fabrication d&#8217;ordinateurs dont le fonctionnement consomme nettement moins d&#8217;\u00e9nergie.<br>\u00c0 c\u00f4t\u00e9 de cela, nous offrons des machines plus anciennes, plus \u00e9nergivores \u00e0 des personnes qui ne disposent pas de beaucoup de moyens pour payer cette \u00e9nergie. Et c&#8217;est, \u00e0 tous les coups la Plan\u00e8te qui trinque.<br>Alors, bilan carbone favorable ou non ? Il faudrait le calculer. Nous se serions peut \u00eatre pas fiers. Mais de l\u00e0 \u00e0 abandonner l&#8217;action et laisser sur le bord du chemin toutes les familles que nous aurions pu aider, il y a une marge. Ce n&#8217;est pas l&#8217;\u00e9conomie commerciale officielle qui les aidera.<\/p>\n","protected":false},"excerpt":{"rendered":"<p>Pas de l&#8217;\u00e9conomie sociale Notre action ne m\u00e9rite pas vraiment d&#8217;\u00eatre class\u00e9e dans l&#8217;\u00e9conomie sociale. En effet, faute de revenus, nous ne g\u00e9n\u00e9rons pas d&#8217;emplois. L&#8217;absence de revenu est un choix d\u00e9lib\u00e9r\u00e9. Celui de ne pas r\u00e9clamer quelques euros \u00e0 des familles d\u00e9munies. Ces petits montants qui paraissent d\u00e9risoires et que nous, nantis, d\u00e9pensons sans [&hellip;]<\/p>\n","protected":false},"author":1,"featured_media":0,"parent":154,"menu_order":3,"comment_status":"closed","ping_status":"closed","template":"","meta":{"_lmt_disableupdate":"no","_lmt_disable":""},"_links":{"self":[{"href":"https:\/\/www.solidarinux.be\/index.php?rest_route=\/wp\/v2\/pages\/163"}],"collection":[{"href":"https:\/\/www.solidarinux.be\/index.php?rest_route=\/wp\/v2\/pages"}],"about":[{"href":"https:\/\/www.solidarinux.be\/index.php?rest_route=\/wp\/v2\/types\/page"}],"author":[{"embeddable":true,"href":"https:\/\/www.solidarinux.be\/index.php?rest_route=\/wp\/v2\/users\/1"}],"replies":[{"embeddable":true,"href":"https:\/\/www.solidarinux.be\/index.php?rest_route=%2Fwp%2Fv2%2Fcomments&post=163"}],"version-history":[{"count":3,"href":"https:\/\/www.solidarinux.be\/index.php?rest_route=\/wp\/v2\/pages\/163\/revisions"}],"predecessor-version":[{"id":221,"href":"https:\/\/www.solidarinux.be\/index.php?rest_route=\/wp\/v2\/pages\/163\/revisions\/221"}],"up":[{"embeddable":true,"href":"https:\/\/www.solidarinux.be\/index.php?rest_route=\/wp\/v2\/pages\/154"}],"wp:attachment":[{"href":"https:\/\/www.solidarinux.be\/index.php?rest_route=%2Fwp%2Fv2%2Fmedia&parent=163"}],"curies":[{"name":"wp","href":"https:\/\/api.w.org\/{rel}","templated":true}]}}