{"id":243,"date":"2020-09-06T17:06:17","date_gmt":"2020-09-06T15:06:17","guid":{"rendered":"https:\/\/solidarinux.debaste.be\/?page_id=243"},"modified":"2020-10-21T11:07:09","modified_gmt":"2020-10-21T09:07:09","slug":"demande","status":"publish","type":"page","link":"https:\/\/www.solidarinux.be\/?page_id=243","title":{"rendered":"Demande"},"content":{"rendered":"\n<p>Pour pouvoir offrir gratuitement des ordinateurs portables, nous devons en recevoir. <strong>Donnez-les nous sans tarder.<\/strong><\/p>\n\n\n\n<p>Il y en a beaucoup qui tra\u00eenent dans les armoires, les greniers, les caves des <strong>particuliers<\/strong>. <\/p>\n\n\n\n<p>On cesse de les utiliser \u00e0 cause d&#8217;une panne logicielle ou mat\u00e9rielle que l&#8217;on pense peut-\u00eatre r\u00e9gler plus tard. Et les ann\u00e9es passent. L&#8217;ordinateur vieillit, se distanciant des standard actuels du march\u00e9. En conclusion, un jour on s&#8217;en d\u00e9barrassera. Pourquoi pas tout de suite ?<\/p>\n\n\n\n<p>Ou alors, on en acquiert un plus r\u00e9cent. Mais on garde l&#8217;ancien parce que &#8220;on ne sait jamais&#8221;. Ou parce qu&#8217;il y a, dedans, des donn\u00e9es pr\u00e9cieuses que l&#8217;on ne sait pas comment extraire. <strong>Donnez-nous l&#8217;ordinateur, nous vous restituerons vos pr\u00e9cieuses donn\u00e9es<\/strong>.<\/p>\n\n\n\n<p>Les <strong>entreprises et institutions<\/strong> remplacent souvent massivement leur parc informatique. Les ordinateurs sont parfois revendus \u00e0 des prix d\u00e9risoire, ou simplement \u00e9vacu\u00e9s. <strong>Donnez-nous une partie de cette masse.<\/strong> En contrepartie des maigres sommes qu&#8217;un commer\u00e7ant vous en offrirait, vous r\u00e9aliserez, avec notre aide, une tr\u00e8s bonne action. Et nous garantissons l&#8217;effacement d\u00e9finitif des donn\u00e9es.<\/p>\n\n\n\n<p>Plus de d\u00e9tail sur la page &#8220;<a href=\"https:\/\/solidarinux.debaste.be\/?page_id=62\">R\u00e9colte<\/a>&#8220;<\/p>\n","protected":false},"excerpt":{"rendered":"<p>Pour pouvoir offrir gratuitement des ordinateurs portables, nous devons en recevoir. Donnez-les nous sans tarder. Il y en a beaucoup qui tra\u00eenent dans les armoires, les greniers, les caves des particuliers. On cesse de les utiliser \u00e0 cause d&#8217;une panne logicielle ou mat\u00e9rielle que l&#8217;on pense peut-\u00eatre r\u00e9gler plus tard. Et les ann\u00e9es passent. L&#8217;ordinateur [&hellip;]<\/p>\n","protected":false},"author":1,"featured_media":0,"parent":0,"menu_order":0,"comment_status":"closed","ping_status":"closed","template":"","meta":{"_lmt_disableupdate":"no","_lmt_disable":""},"_links":{"self":[{"href":"https:\/\/www.solidarinux.be\/index.php?rest_route=\/wp\/v2\/pages\/243"}],"collection":[{"href":"https:\/\/www.solidarinux.be\/index.php?rest_route=\/wp\/v2\/pages"}],"about":[{"href":"https:\/\/www.solidarinux.be\/index.php?rest_route=\/wp\/v2\/types\/page"}],"author":[{"embeddable":true,"href":"https:\/\/www.solidarinux.be\/index.php?rest_route=\/wp\/v2\/users\/1"}],"replies":[{"embeddable":true,"href":"https:\/\/www.solidarinux.be\/index.php?rest_route=%2Fwp%2Fv2%2Fcomments&post=243"}],"version-history":[{"count":2,"href":"https:\/\/www.solidarinux.be\/index.php?rest_route=\/wp\/v2\/pages\/243\/revisions"}],"predecessor-version":[{"id":262,"href":"https:\/\/www.solidarinux.be\/index.php?rest_route=\/wp\/v2\/pages\/243\/revisions\/262"}],"wp:attachment":[{"href":"https:\/\/www.solidarinux.be\/index.php?rest_route=%2Fwp%2Fv2%2Fmedia&parent=243"}],"curies":[{"name":"wp","href":"https:\/\/api.w.org\/{rel}","templated":true}]}}