{"id":273,"date":"2020-12-24T16:05:58","date_gmt":"2020-12-24T15:05:58","guid":{"rendered":"https:\/\/solidarinux.debaste.be\/?page_id=273"},"modified":"2020-12-24T16:15:16","modified_gmt":"2020-12-24T15:15:16","slug":"taches-pour-nos-benevoles","status":"publish","type":"page","link":"https:\/\/www.solidarinux.be\/?page_id=273","title":{"rendered":"T\u00e2ches pour nos b\u00e9n\u00e9voles"},"content":{"rendered":"\n<p>Quelques t\u00e2ches ne sont pas r\u00e9alis\u00e9es actuellement ou sont trop lourdes pour l&#8217;\u00e9quipe actuelle. Nous recherchons des b\u00e9n\u00e9voles. Pas n\u00e9cessairement dou\u00e9s en informatique, m\u00eame nuls :-).<\/p>\n\n\n\n<p>Quelles que soient les t\u00e2ches, nous prenons le temps de les enseigner. Suivant les desiderata des b\u00e9n\u00e9voles, la formation peut s&#8217;approfondir.<\/p>\n\n\n\n<ul><li><strong>rechercher<\/strong> partout <strong>des ordinateurs \u00e0 donner<\/strong> : annonces, message, visites aux entreprises et institutions, communication en g\u00e9n\u00e9ral;<\/li><li><strong>trier<\/strong> le mat\u00e9riel qui arrive. Apr\u00e8s une s\u00e9ance ensemble, on reconna\u00eet l&#8217;essentiel. Ce que l&#8217;on ne reconna\u00eet pas sera pris en charge par d&#8217;autres;<\/li><li><strong>\u00c9tiqueter<\/strong> le mat\u00e9riel entrant : laptops, tours, desktops, \u00e9crans. <\/li><li><strong>nettoyer<\/strong> et <strong>tester<\/strong> \u00e9crans et claviers. C&#8217;est facile. Il y a quelques manipulations \u00e0 apprendre et des connecteurs \u00e0 apprendre \u00e0 rep\u00e9rer;<\/li><li><strong>nettoyer<\/strong> desktops et tours. A l&#8217;int\u00e9rieur en ouvrant et en  soufflant de l&#8217;air comprim\u00e9. A l&#8217;ext\u00e9rieur, comme n&#8217;importe quel objet.<\/li><li><strong>nettoyer<\/strong> des laptops. Comme un clavier et n&#8217;importe quel objet. Sans l&#8217;ab\u00eemer.<\/li><li><strong>brancher<\/strong> les ordinateurs et tenter de d\u00e9marrer l&#8217;installation. Quand tout va bien, il n&#8217;y a plus rien \u00e0 faire.<\/li><\/ul>\n\n\n\n<p>D&#8217;autres t\u00e2ches demandent plus d&#8217;atomes crochus envers l&#8217;informatique : <\/p>\n\n\n\n<ul><li>Cr\u00e9er et animer une page <strong>Facebook<\/strong>;<\/li><li>g\u00e9rer le pr\u00e9sent <strong>site Web<\/strong> et le rendre plus attractif;<\/li><li>inventorier les ordinateurs et \u00e9crans en notant  les sp\u00e9cificit\u00e9s;<\/li><li>r\u00e9aliser de petites capsules expliquant et montrant les diverses manipulations physiques du reconditionnement d&#8217;un ordinateur, pour rassurer et encourager les candidats \u00e0 ces t\u00e2ches;<\/li><li>diagnostiquer et r\u00e9soudre les probl\u00e8mes d&#8217;installation;<\/li><li>diagnostiquer et r\u00e9parer le hardware;<\/li><li>remplacer des composants;<\/li><\/ul>\n\n\n\n<p><\/p>\n","protected":false},"excerpt":{"rendered":"<p>Quelques t\u00e2ches ne sont pas r\u00e9alis\u00e9es actuellement ou sont trop lourdes pour l&#8217;\u00e9quipe actuelle. Nous recherchons des b\u00e9n\u00e9voles. Pas n\u00e9cessairement dou\u00e9s en informatique, m\u00eame nuls :-). Quelles que soient les t\u00e2ches, nous prenons le temps de les enseigner. Suivant les desiderata des b\u00e9n\u00e9voles, la formation peut s&#8217;approfondir. rechercher partout des ordinateurs \u00e0 donner : annonces, [&hellip;]<\/p>\n","protected":false},"author":1,"featured_media":0,"parent":0,"menu_order":0,"comment_status":"closed","ping_status":"closed","template":"templates\/template-full-width.php","meta":{"_lmt_disableupdate":"no","_lmt_disable":""},"_links":{"self":[{"href":"https:\/\/www.solidarinux.be\/index.php?rest_route=\/wp\/v2\/pages\/273"}],"collection":[{"href":"https:\/\/www.solidarinux.be\/index.php?rest_route=\/wp\/v2\/pages"}],"about":[{"href":"https:\/\/www.solidarinux.be\/index.php?rest_route=\/wp\/v2\/types\/page"}],"author":[{"embeddable":true,"href":"https:\/\/www.solidarinux.be\/index.php?rest_route=\/wp\/v2\/users\/1"}],"replies":[{"embeddable":true,"href":"https:\/\/www.solidarinux.be\/index.php?rest_route=%2Fwp%2Fv2%2Fcomments&post=273"}],"version-history":[{"count":3,"href":"https:\/\/www.solidarinux.be\/index.php?rest_route=\/wp\/v2\/pages\/273\/revisions"}],"predecessor-version":[{"id":278,"href":"https:\/\/www.solidarinux.be\/index.php?rest_route=\/wp\/v2\/pages\/273\/revisions\/278"}],"wp:attachment":[{"href":"https:\/\/www.solidarinux.be\/index.php?rest_route=%2Fwp%2Fv2%2Fmedia&parent=273"}],"curies":[{"name":"wp","href":"https:\/\/api.w.org\/{rel}","templated":true}]}}