{"id":64,"date":"2020-07-31T17:27:55","date_gmt":"2020-07-31T15:27:55","guid":{"rendered":"https:\/\/solidarinux.debaste.be\/?page_id=64"},"modified":"2020-08-11T15:07:50","modified_gmt":"2020-08-11T13:07:50","slug":"reconditionnement","status":"publish","type":"page","link":"https:\/\/www.solidarinux.be\/?page_id=64","title":{"rendered":"Reconditionnement"},"content":{"rendered":"\n<p>Le but du reconditionnement est de fournir un ordinateur qui puisse raisonnablement r\u00e9aliser les op\u00e9rations courantes de notre vie actuelle.<br>Comme, lors de la r\u00e9ception, il est parfois sale ou en panne ou cannibalis\u00e9 (pi\u00e8ces manquantes), et \u00e9quip\u00e9 d&#8217;un vieux Windows qui ne fonctionne peut \u00eatre plus, il y a un travail \u00e0 r\u00e9aliser.<\/p>\n\n\n\n<p><strong>R\u00e9cup\u00e9ration et\/ou effacement des donn\u00e9es<\/strong><br>Il arrive fr\u00e9quemment que des donn\u00e9es soient emprisonn\u00e9es dans un ordinateur en panne logicielle ou mat\u00e9rielle.<br>Nous pouvons monter le disque dans une autre machine, et, le plus souvent, rendre les donn\u00e9es \u00e0 leur propri\u00e9taire, s&#8217;il l&#8217;a demand\u00e9.<br>Sinon, les donn\u00e9es seront \u00e9cras\u00e9es ou rendues tr\u00e8s difficilement accessibles lors de l&#8217;installation de Linux. Dans le cas de donn\u00e9es sensibles, sur demande, nous les effa\u00e7ons d\u00e9finitivement. Tellement d\u00e9finitivement que m\u00eame le KGB ne pourrait pas les retrouver.<\/p>\n\n\n\n<p><strong>\u00c9valuation<\/strong><br>Un premier essai nous renseignera sur la puissance et l&#8217;\u00e9tat de la machine et sur les op\u00e9rations \u00e0 r\u00e9aliser. Nous choisirons aussi la plateforme \u00e0 y installer : Ubuntu Mate ou Lubuntu.<\/p>\n\n\n\n<p><strong>R\u00e9paration<\/strong> <strong>\u00e9ventuelle<\/strong><br>On peut tenter de r\u00e9parer les charni\u00e8res, ou le chargeur, changer la dalle LCD, remplacer de la m\u00e9moire, le disque dur, le clavier,  le lecteur optique, la pile RTC, le connecteur d&#8217;alimentation. En fonction, bien entendu de la disponibilit\u00e9 de pi\u00e8ces de rechange ou de leur prix d&#8217;achat.<br>Nous ne rempla\u00e7ons pas les batteries. Les laptops que nous offrons actuellement ne fonctionnent que sur secteur. <\/p>\n\n\n\n<p><strong>Mise \u00e0 niveau<\/strong><br>Les disques durs sont habituellement suffisants. La seule mise \u00e0 niveau que nous puissions faire c&#8217;est augmenter la m\u00e9moire RAM pour atteindre le niveau requis par la plateforme \u00e0 y installer.<\/p>\n\n\n\n<p><strong>Installation de Linux<\/strong><br>Nous recevons des ordinateurssur lesquels les versions r\u00e9centes de Windows ne fonctionnent qu\u2019extr\u00eamement lentement. Faute d&#8217;une m\u00e9moire suffisante. Impossible de l&#8217;augmenter car les machines anciennes ne sont pas pr\u00e9vues pour les quantit\u00e9s de m\u00e9moire exig\u00e9es actuellement par Windows.<br>Or, seules les versions de Windows les plus r\u00e9centes peuvent assurer une s\u00e9curit\u00e9 suffisante pour utiliser l&#8217;Internet. Pour Windows, ces ordinateurs sont d\u00e9finitivement obsol\u00e8tes.<br>Linux, au contraire, fonctionne confortablement et en toute s\u00e9curit\u00e9 sur ces m\u00eames ordinateurs. Il offre des services \u00e9quivalents \u00e0 ceux de Windows. Entre autres qualit\u00e9s essentielles, Linux est gratuit.<br>En fonction des caract\u00e9ristiques de la machine, nous installons une de nos deux plateformes standard.<\/p>\n\n\n\n<ul><li>L\u00e9g\u00e8re :<ul><li>machine con\u00e7ue pour Windows XP;<\/li><li>Pentium 4, M ou D;<\/li><li>architecture 32 bits;<\/li><li>1 GB de RAM<\/li><li>nous y installons Lubuntu 18.04 LTS.<\/li><\/ul><\/li><li>Moyenne :<ul><li>con\u00e7ue pour Windows Vista et ult\u00e9rieurs;<\/li><li>Pentium 4, M, ou D;<\/li><li>architecture 32 bits;<\/li><li>1 GB de RAM<\/li><li>nous y installons Ubuntu Mate 18.04 LTS.<\/li><\/ul><\/li><\/ul>\n\n\n\n<p><strong>Nettoyage<\/strong><br>Les ordinateurs se salissent en travaillant : poussi\u00e8re, traces de doigts, ventilation encrass\u00e9e&#8230;<br>Au moment de s&#8217;en d\u00e9barrasser, en nous les confiant, les nettoyer n&#8217;est pas la premi\u00e8re chose \u00e0 venir \u00e0 l&#8217;esprit.<br>Lorsque nous offrons la machine reconditionn\u00e9e, ce n&#8217;est pas pour nous en d\u00e9barrasser, mais pour l&#8217;offrir. Et un cadeau d&#8217;un bel aspect est aussi une marque de respect envers le b\u00e9n\u00e9ficiaire.<br>Aussi, la derni\u00e8re partie de notre travail de reconditionnement est d&#8217;en faire un objet aussi attrayant que possible. Le r\u00e9sultat est parfois spectaculaire, et probablement remarqu\u00e9. <\/p>\n","protected":false},"excerpt":{"rendered":"<p>Le but du reconditionnement est de fournir un ordinateur qui puisse raisonnablement r\u00e9aliser les op\u00e9rations courantes de notre vie actuelle.Comme, lors de la r\u00e9ception, il est parfois sale ou en panne ou cannibalis\u00e9 (pi\u00e8ces manquantes), et \u00e9quip\u00e9 d&#8217;un vieux Windows qui ne fonctionne peut \u00eatre plus, il y a un travail \u00e0 r\u00e9aliser. R\u00e9cup\u00e9ration et\/ou [&hellip;]<\/p>\n","protected":false},"author":1,"featured_media":0,"parent":78,"menu_order":2,"comment_status":"closed","ping_status":"closed","template":"","meta":{"_lmt_disableupdate":"no","_lmt_disable":""},"_links":{"self":[{"href":"https:\/\/www.solidarinux.be\/index.php?rest_route=\/wp\/v2\/pages\/64"}],"collection":[{"href":"https:\/\/www.solidarinux.be\/index.php?rest_route=\/wp\/v2\/pages"}],"about":[{"href":"https:\/\/www.solidarinux.be\/index.php?rest_route=\/wp\/v2\/types\/page"}],"author":[{"embeddable":true,"href":"https:\/\/www.solidarinux.be\/index.php?rest_route=\/wp\/v2\/users\/1"}],"replies":[{"embeddable":true,"href":"https:\/\/www.solidarinux.be\/index.php?rest_route=%2Fwp%2Fv2%2Fcomments&post=64"}],"version-history":[{"count":5,"href":"https:\/\/www.solidarinux.be\/index.php?rest_route=\/wp\/v2\/pages\/64\/revisions"}],"predecessor-version":[{"id":228,"href":"https:\/\/www.solidarinux.be\/index.php?rest_route=\/wp\/v2\/pages\/64\/revisions\/228"}],"up":[{"embeddable":true,"href":"https:\/\/www.solidarinux.be\/index.php?rest_route=\/wp\/v2\/pages\/78"}],"wp:attachment":[{"href":"https:\/\/www.solidarinux.be\/index.php?rest_route=%2Fwp%2Fv2%2Fmedia&parent=64"}],"curies":[{"name":"wp","href":"https:\/\/api.w.org\/{rel}","templated":true}]}}